{"id":89,"date":"2025-01-10T13:23:15","date_gmt":"2025-01-10T12:23:15","guid":{"rendered":"http:\/\/www.noepker-vereine.de\/SchuetzenvereinHomepage\/?page_id=89"},"modified":"2026-03-21T09:45:05","modified_gmt":"2026-03-21T08:45:05","slug":"kinder-und-jugend","status":"publish","type":"page","link":"http:\/\/www.noepker-vereine.de\/SchuetzenvereinHomepage\/kinder-und-jugend\/","title":{"rendered":"Kinder und Jugend"},"content":{"rendered":"\n<h3 id=\"hallo-liebe-kinder-und-jugendliche-liebe-eltern\" class=\"wp-block-heading\">Hallo liebe Kinder und Jugendliche, liebe Eltern!<\/h3>\n\n\n\n<p>Die Jugendgruppe des Sch\u00fctzenverein N\u00f6pke gibt es seit 1990 und hat zur Zeit eine St\u00e4rke von 39 Jungsch\u00fctzen. Unsere \u00fcbungsabende finden jeden 1. und 3. Dienstag im Monat ab 18 Uhr im Sch\u00fctzenhaus statt. F\u00fcr die 8- bis 18-J\u00e4hrigen steht eine Armbrust, Luftgewehre und Kleinkalibergewehre zur Verf\u00fcgung.<\/p>\n\n\n\n<p>Neben der \u00dcbung ist aber auch das Ordenschiessen sehr wichtig. Die mit Stolz zum Sch\u00fctzen- und Erntefest pr\u00e4sentiert werden. Zudem habt Ihr wenn ihr sp\u00e4ter in die Damen- oder Herrenriege \u00fcbernommen werdet schon die ersten Orden f\u00fcr Eure Uniform.<\/p>\n\n\n\n<p>Sweat-Shirts haben wir seit einigen Jahren. Im Jahr 2006 haben wir nun endlich auch T-Shirts bekommen, so das wir kalte und warme Tage gut ger\u00fcstet sind. Diese tragen wir auch \u00fcber die Grenzen N\u00f6pkes heraus.<\/p>\n\n\n\n<p>Au\u00dfer der normalen \u00dcbungsabenden haben wir \u00fcber das Schie\u00dfjahr verteilt noch andere Termine, die besonders gut besucht sind.<\/p>\n\n\n\n<h4 id=\"juxschiessen\" class=\"wp-block-heading\">Juxschiessen<\/h4>\n\n\n\n<p>Zur Faschingszeit halten wir unser Traditionelles Juxschiessen, was immer viel Spa\u00df macht.Dabei wird auf bunte Juxscheiben geschossen und die Auswertung erfolgt auch mal ein bisschen anders. Knabberzeug und eine Kleinigkeit zu Essen darf dabei nat\u00fcrlich nicht fehlen. Einen kleinen Preis gibt es dabei f\u00fcr jedes Kind. Auch bei den Verkleidungen kommen immer lustige Kost\u00fcme zum Vorschein. Aber es wird keiner gezwungen sich zu kost\u00fcmieren.<\/p>\n\n\n\n<h4 id=\"pokalschiessen\" class=\"wp-block-heading\">Pokalschiessen<\/h4>\n\n\n\n<p>Beim Pokalschiessen in den umliegenden D\u00f6rfern, sind wir auch fast immer vertreten. Doch f\u00fcr uns hei\u00dft meistens das Motto Dabei sein ist alles. Wir sind zwar nicht die Besten, was uns aber nicht davon abh\u00e4lt immer wieder hinzufahren und weiter zu k\u00e4mpfen. Falls dann doch mal ein Pokal f\u00fcr uns abf\u00e4llt, ist die Freude um so gr\u00f6\u00dfer.<\/p>\n\n\n\n<h4 id=\"ostereierschiessen\" class=\"wp-block-heading\">Ostereierschiessen<\/h4>\n\n\n\n<p>Das Ostereierschiessen ist sehr beliebt. Wo auch Kinder und Jugendliche kommen, die man dort noch nie gesehen hat, da das Schiessen f\u00fcr alle N\u00f6pker ist. Und diese Neu-Sch\u00fctzen oder Anf\u00e4nger haben oft eine gute Chance. Wie hei\u00dft es doch so sch\u00f6n? Ein blindes Huhn findet auch mal ein Korn. Auch diese Schiessen hat l\u00e4ngst Tradition und findet den Donnerstag vor Ostern statt. Wobei es auch mal nicht um Orden geht, sondern wie soll es anders sein um Eier.<\/p>\n\n\n\n<h4 id=\"koenigsschiessen\" class=\"wp-block-heading\">K\u00f6nigsschiessen<\/h4>\n\n\n\n<p>Zum Sch\u00fctzenfest das K\u00f6nigsschiessen ist ein High-Light des Jahres. An diesem Tag kann man alle ganz aufgeregt sehen. Denn der K\u00f6nigstitel ist bei allen hei\u00df begehrt. Dass das Schiessen meistens bis zum Schluss, erst durch ein spannendes Stechen beendet werden muss. Ein Jahr lang d\u00fcrfen dann die Majest\u00e4ten \u00fcber die N\u00f6pker regieren und zu offiziellen Anl\u00e4ssen die K\u00f6nigsketten pr\u00e4sentieren. Zudem gibt es bei den Kindern noch eine Sch\u00fctzenscheibe ans Haus genagelt, die f\u00fcr immer da bleibt.<\/p>\n\n\n\n<h4 id=\"vereinsmeister\" class=\"wp-block-heading\">Vereinsmeister<\/h4>\n\n\n\n<p>Wie bei den Erwachsenen schie\u00dfen auch wir unsere Vereinsmeister aus. Dabei gibt es 3 Gruppen: Kinder, Sch\u00fcler und Jugend. In den vergangenen Jahren war das im November, 2006 haben wir das ge\u00e4ndert. So werden unsere Vereinsmeister wie bei den gro\u00dfen beim Erntefest bekannt gegeben. Dort bekommen die Besten aus jeder Gruppe einen Pokal, der von jedem mit nach Hause genommen wird. Die Spannung dabei ist doch sehr gro\u00df, da das Schiessen daf\u00fcr schon ein paar Wochen fr\u00fcher stattfindet, und keiner wei\u00df wer es ist.<\/p>\n\n\n\n<h4 id=\"erntefest\" class=\"wp-block-heading\">Erntefest<\/h4>\n\n\n\n<p>Beim Erntefestpreisschiessen im September geht es nicht um Orden. Denn dort werden Sachpreise ausgeschossen. Wobei es nicht immer ganz einfach ist, f\u00fcr jeden den richtigen Geschmack zu treffen. Wobei es uns bis jetzt jedoch recht gut gelungen ist.<\/p>\n\n\n\n<p>Zum Abschluss des Jahres organisieren wir jedes Jahr eine eigene Weihnachtsfeier. Dabei haben wir die verschiedensten Sachen schon gemacht, z.B. Schlittschuhlaufen, Bosseln, Aqualazium Laatzen und so weiter. Wobei der Spa\u00df im Vordergrund steht. Auch f\u00fcr dieses Jahr ist die Weihnachtsfeier schon geplant. Soviel wird verraten, sie findet am Samstag den 02.12.06 statt. Was wir machen? Lasst Euch \u00fcberraschen!<\/p>\n\n\n\n<p>Wer bei uns mal reinschnuppern m\u00f6chte ist herzlich Willkommen. Wir zeigen Euch gern den sicheren Umgang mit den Waffen. Ein paar lustige Stunden mit anderen Kindern und Jugendlichen gibt es gratis dazu. Also, wenn ihr Lust habt, wir \u00fcben jeden 1. und 3. Dienstag im Monat, im Sch\u00fctzenhaus um 18:00 Uhr, wie am Anfang schon zu lesen war. Wir w\u00fcrden uns freuen, wenn Ihr vorbeischaut. Bis dann!<\/p>\n\n\n\n<figure class=\"wp-block-table is-style-stripes\"><table><tbody><tr><th class=\"has-text-align-left\" data-align=\"left\">1. Jugendleiterin<\/th><td>Julia Kallweit<\/td><\/tr><tr><th class=\"has-text-align-left\" data-align=\"left\">2. Jugendleiterin<\/th><td>Meike Umlauf<\/td><\/tr><tr><th class=\"has-text-align-left\" data-align=\"left\">Schie\u00dfwart<\/th><td>Katja Meinicke<\/td><\/tr><\/tbody><\/table><\/figure>\n\n\n\n<p><\/p>\n","protected":false},"excerpt":{"rendered":"<p>Hallo liebe Kinder und Jugendliche, liebe Eltern! Die Jugendgruppe des Sch\u00fctzenverein N\u00f6pke gibt es seit 1990 und hat zur Zeit eine St\u00e4rke von 39 Jungsch\u00fctzen. Unsere \u00fcbungsabende finden jeden 1. und 3. Dienstag im Monat ab 18 Uhr im Sch\u00fctzenhaus &hellip; <a href=\"http:\/\/www.noepker-vereine.de\/SchuetzenvereinHomepage\/kinder-und-jugend\/\">Weiterlesen <span class=\"meta-nav\">&rarr;<\/span><\/a><\/p>\n","protected":false},"author":1,"featured_media":0,"parent":0,"menu_order":30,"comment_status":"closed","ping_status":"closed","template":"","meta":{"footnotes":""},"class_list":["post-89","page","type-page","status-publish","hentry"],"_links":{"self":[{"href":"http:\/\/www.noepker-vereine.de\/SchuetzenvereinHomepage\/wp-json\/wp\/v2\/pages\/89","targetHints":{"allow":["GET"]}}],"collection":[{"href":"http:\/\/www.noepker-vereine.de\/SchuetzenvereinHomepage\/wp-json\/wp\/v2\/pages"}],"about":[{"href":"http:\/\/www.noepker-vereine.de\/SchuetzenvereinHomepage\/wp-json\/wp\/v2\/types\/page"}],"author":[{"embeddable":true,"href":"http:\/\/www.noepker-vereine.de\/SchuetzenvereinHomepage\/wp-json\/wp\/v2\/users\/1"}],"replies":[{"embeddable":true,"href":"http:\/\/www.noepker-vereine.de\/SchuetzenvereinHomepage\/wp-json\/wp\/v2\/comments?post=89"}],"version-history":[{"count":1,"href":"http:\/\/www.noepker-vereine.de\/SchuetzenvereinHomepage\/wp-json\/wp\/v2\/pages\/89\/revisions"}],"predecessor-version":[{"id":91,"href":"http:\/\/www.noepker-vereine.de\/SchuetzenvereinHomepage\/wp-json\/wp\/v2\/pages\/89\/revisions\/91"}],"wp:attachment":[{"href":"http:\/\/www.noepker-vereine.de\/SchuetzenvereinHomepage\/wp-json\/wp\/v2\/media?parent=89"}],"curies":[{"name":"wp","href":"https:\/\/api.w.org\/{rel}","templated":true}]}}

<h3 id="hallo-liebe-kinder-und-jugendliche-liebe-eltern" class="wp-block-heading">Hallo liebe Kinder und Jugendliche, liebe Eltern!</h3>



<p>Die Jugendgruppe des Schützenverein Nöpke gibt es seit 1990 und hat zur Zeit eine Stärke von 39 Jungschützen. Unsere übungsabende finden jeden 1. und 3. Dienstag im Monat ab 18 Uhr im Schützenhaus statt. Für die 8- bis 18-Jährigen steht eine Armbrust, Luftgewehre und Kleinkalibergewehre zur Verfügung.</p>



<p>Neben der Übung ist aber auch das Ordenschiessen sehr wichtig. Die mit Stolz zum Schützen- und Erntefest präsentiert werden. Zudem habt Ihr wenn ihr später in die Damen- oder Herrenriege übernommen werdet schon die ersten Orden für Eure Uniform.</p>



<p>Sweat-Shirts haben wir seit einigen Jahren. Im Jahr 2006 haben wir nun endlich auch T-Shirts bekommen, so das wir kalte und warme Tage gut gerüstet sind. Diese tragen wir auch über die Grenzen Nöpkes heraus.</p>



<p>Außer der normalen Übungsabenden haben wir über das Schießjahr verteilt noch andere Termine, die besonders gut besucht sind.</p>



<h4 id="juxschiessen" class="wp-block-heading">Juxschiessen</h4>



<p>Zur Faschingszeit halten wir unser Traditionelles Juxschiessen, was immer viel Spaß macht.Dabei wird auf bunte Juxscheiben geschossen und die Auswertung erfolgt auch mal ein bisschen anders. Knabberzeug und eine Kleinigkeit zu Essen darf dabei natürlich nicht fehlen. Einen kleinen Preis gibt es dabei für jedes Kind. Auch bei den Verkleidungen kommen immer lustige Kostüme zum Vorschein. Aber es wird keiner gezwungen sich zu kostümieren.</p>



<h4 id="pokalschiessen" class="wp-block-heading">Pokalschiessen</h4>



<p>Beim Pokalschiessen in den umliegenden Dörfern, sind wir auch fast immer vertreten. Doch für uns heißt meistens das Motto Dabei sein ist alles. Wir sind zwar nicht die Besten, was uns aber nicht davon abhält immer wieder hinzufahren und weiter zu kämpfen. Falls dann doch mal ein Pokal für uns abfällt, ist die Freude um so größer.</p>



<h4 id="ostereierschiessen" class="wp-block-heading">Ostereierschiessen</h4>



<p>Das Ostereierschiessen ist sehr beliebt. Wo auch Kinder und Jugendliche kommen, die man dort noch nie gesehen hat, da das Schiessen für alle Nöpker ist. Und diese Neu-Schützen oder Anfänger haben oft eine gute Chance. Wie heißt es doch so schön? Ein blindes Huhn findet auch mal ein Korn. Auch diese Schiessen hat längst Tradition und findet den Donnerstag vor Ostern statt. Wobei es auch mal nicht um Orden geht, sondern wie soll es anders sein um Eier.</p>



<h4 id="koenigsschiessen" class="wp-block-heading">Königsschiessen</h4>



<p>Zum Schützenfest das Königsschiessen ist ein High-Light des Jahres. An diesem Tag kann man alle ganz aufgeregt sehen. Denn der Königstitel ist bei allen heiß begehrt. Dass das Schiessen meistens bis zum Schluss, erst durch ein spannendes Stechen beendet werden muss. Ein Jahr lang dürfen dann die Majestäten über die Nöpker regieren und zu offiziellen Anlässen die Königsketten präsentieren. Zudem gibt es bei den Kindern noch eine Schützenscheibe ans Haus genagelt, die für immer da bleibt.</p>



<h4 id="vereinsmeister" class="wp-block-heading">Vereinsmeister</h4>



<p>Wie bei den Erwachsenen schießen auch wir unsere Vereinsmeister aus. Dabei gibt es 3 Gruppen: Kinder, Schüler und Jugend. In den vergangenen Jahren war das im November, 2006 haben wir das geändert. So werden unsere Vereinsmeister wie bei den großen beim Erntefest bekannt gegeben. Dort bekommen die Besten aus jeder Gruppe einen Pokal, der von jedem mit nach Hause genommen wird. Die Spannung dabei ist doch sehr groß, da das Schiessen dafür schon ein paar Wochen früher stattfindet, und keiner weiß wer es ist.</p>



<h4 id="erntefest" class="wp-block-heading">Erntefest</h4>



<p>Beim Erntefestpreisschiessen im September geht es nicht um Orden. Denn dort werden Sachpreise ausgeschossen. Wobei es nicht immer ganz einfach ist, für jeden den richtigen Geschmack zu treffen. Wobei es uns bis jetzt jedoch recht gut gelungen ist.</p>



<p>Zum Abschluss des Jahres organisieren wir jedes Jahr eine eigene Weihnachtsfeier. Dabei haben wir die verschiedensten Sachen schon gemacht, z.B. Schlittschuhlaufen, Bosseln, Aqualazium Laatzen und so weiter. Wobei der Spaß im Vordergrund steht. Auch für dieses Jahr ist die Weihnachtsfeier schon geplant. Soviel wird verraten, sie findet am Samstag den 02.12.06 statt. Was wir machen? Lasst Euch überraschen!</p>



<p>Wer bei uns mal reinschnuppern möchte ist herzlich Willkommen. Wir zeigen Euch gern den sicheren Umgang mit den Waffen. Ein paar lustige Stunden mit anderen Kindern und Jugendlichen gibt es gratis dazu. Also, wenn ihr Lust habt, wir üben jeden 1. und 3. Dienstag im Monat, im Schützenhaus um 18:00 Uhr, wie am Anfang schon zu lesen war. Wir würden uns freuen, wenn Ihr vorbeischaut. Bis dann!</p>



<figure class="wp-block-table is-style-stripes"><table><tbody><tr><th class="has-text-align-left" data-align="left">1. Jugendleiterin</th><td>Julia Kallweit</td></tr><tr><th class="has-text-align-left" data-align="left">2. Jugendleiterin</th><td>Meike Umlauf</td></tr><tr><th class="has-text-align-left" data-align="left">Schießwart</th><td>Katja Meinicke</td></tr></tbody></table></figure>



<p></p>

<p>Hallo liebe Kinder und Jugendliche, liebe Eltern! Die Jugendgruppe des Schützenverein Nöpke gibt es seit 1990 und hat zur Zeit eine Stärke von 39 Jungschützen. Unsere übungsabende finden jeden 1. und 3. Dienstag im Monat ab 18 Uhr im Schützenhaus &hellip; <a href="http://www.noepker-vereine.de/SchuetzenvereinHomepage/kinder-und-jugend/">Weiterlesen <span class="meta-nav">&rarr;</span></a></p>
