{"id":85,"date":"2025-01-10T13:20:18","date_gmt":"2025-01-10T12:20:18","guid":{"rendered":"http:\/\/www.noepker-vereine.de\/SchuetzenvereinHomepage\/?page_id=85"},"modified":"2026-03-21T09:18:08","modified_gmt":"2026-03-21T08:18:08","slug":"schuetzenkapelle","status":"publish","type":"page","link":"http:\/\/www.noepker-vereine.de\/SchuetzenvereinHomepage\/schuetzenkapelle\/","title":{"rendered":"Sch\u00fctzenkapelle"},"content":{"rendered":"\n<h1 id=\"die-schuetzenkapelle\" class=\"wp-block-heading\">Die Sch\u00fctzenkapelle<\/h1>\n\n\n\n<p>Auf der Jahreshauptversammlung des Sch\u00fctzenvereins am 29.1.1983 wurde die Gr\u00fcndung einer Sch\u00fctzenkapelle beschlossen. Werner Rache und Friedrich Sandmann \u00fcbernahmen die Ausbildung. Es meldeten sich 36 Interessenten zur Teilnahme am Musikunterricht, im Laufe der Zeit reduzierte sich diese Zahl auf 12. Zur Anschaffung der Musikinstrumente fand eine gro\u00df angelegte Sammelaktion im Dorf statt. Am 1. Mai 1984 hatte die Kapelle ihren ersten Auftritt mit dem Lied <em>Der Mai ist gekommen<\/em>. Bis heute hat sich diese Tradition erhalten, es wird ein Wagen gechartert und am 1. Mai zum Wecken aufgespielt.<\/p>\n\n\n\n<p>Heute hat Sebastian Rache die Leitung der Sch\u00fctzenkapelle inne, die Truppe besteht aktuell aus 18 Spielleuten. Neben der musikalischen Unterhaltung auf den Traditionsfesten sind auch ausw\u00e4rtige Auftritte und Geburtstagsst\u00e4ndchen f\u00fcr die Mitglieder im Programm. Ge\u00fcbt wird jeden Montagabend in der ehemaligen Schule.<\/p>\n","protected":false},"excerpt":{"rendered":"<p>Die Sch\u00fctzenkapelle Auf der Jahreshauptversammlung des Sch\u00fctzenvereins am 29.1.1983 wurde die Gr\u00fcndung einer Sch\u00fctzenkapelle beschlossen. Werner Rache und Friedrich Sandmann \u00fcbernahmen die Ausbildung. Es meldeten sich 36 Interessenten zur Teilnahme am Musikunterricht, im Laufe der Zeit reduzierte sich diese Zahl &hellip; <a href=\"http:\/\/www.noepker-vereine.de\/SchuetzenvereinHomepage\/schuetzenkapelle\/\">Weiterlesen <span class=\"meta-nav\">&rarr;<\/span><\/a><\/p>\n","protected":false},"author":1,"featured_media":0,"parent":0,"menu_order":40,"comment_status":"closed","ping_status":"closed","template":"","meta":{"footnotes":""},"class_list":["post-85","page","type-page","status-publish","hentry"],"_links":{"self":[{"href":"http:\/\/www.noepker-vereine.de\/SchuetzenvereinHomepage\/wp-json\/wp\/v2\/pages\/85","targetHints":{"allow":["GET"]}}],"collection":[{"href":"http:\/\/www.noepker-vereine.de\/SchuetzenvereinHomepage\/wp-json\/wp\/v2\/pages"}],"about":[{"href":"http:\/\/www.noepker-vereine.de\/SchuetzenvereinHomepage\/wp-json\/wp\/v2\/types\/page"}],"author":[{"embeddable":true,"href":"http:\/\/www.noepker-vereine.de\/SchuetzenvereinHomepage\/wp-json\/wp\/v2\/users\/1"}],"replies":[{"embeddable":true,"href":"http:\/\/www.noepker-vereine.de\/SchuetzenvereinHomepage\/wp-json\/wp\/v2\/comments?post=85"}],"version-history":[{"count":1,"href":"http:\/\/www.noepker-vereine.de\/SchuetzenvereinHomepage\/wp-json\/wp\/v2\/pages\/85\/revisions"}],"predecessor-version":[{"id":87,"href":"http:\/\/www.noepker-vereine.de\/SchuetzenvereinHomepage\/wp-json\/wp\/v2\/pages\/85\/revisions\/87"}],"wp:attachment":[{"href":"http:\/\/www.noepker-vereine.de\/SchuetzenvereinHomepage\/wp-json\/wp\/v2\/media?parent=85"}],"curies":[{"name":"wp","href":"https:\/\/api.w.org\/{rel}","templated":true}]}}

Schützenkapelle

<h1 id="die-schuetzenkapelle" class="wp-block-heading">Die Schützenkapelle</h1>



<p>Auf der Jahreshauptversammlung des Schützenvereins am 29.1.1983 wurde die Gründung einer Schützenkapelle beschlossen. Werner Rache und Friedrich Sandmann übernahmen die Ausbildung. Es meldeten sich 36 Interessenten zur Teilnahme am Musikunterricht, im Laufe der Zeit reduzierte sich diese Zahl auf 12. Zur Anschaffung der Musikinstrumente fand eine groß angelegte Sammelaktion im Dorf statt. Am 1. Mai 1984 hatte die Kapelle ihren ersten Auftritt mit dem Lied <em>Der Mai ist gekommen</em>. Bis heute hat sich diese Tradition erhalten, es wird ein Wagen gechartert und am 1. Mai zum Wecken aufgespielt.</p>



<p>Heute hat Sebastian Rache die Leitung der Schützenkapelle inne, die Truppe besteht aktuell aus 18 Spielleuten. Neben der musikalischen Unterhaltung auf den Traditionsfesten sind auch auswärtige Auftritte und Geburtstagsständchen für die Mitglieder im Programm. Geübt wird jeden Montagabend in der ehemaligen Schule.</p>

<p>Die Schützenkapelle Auf der Jahreshauptversammlung des Schützenvereins am 29.1.1983 wurde die Gründung einer Schützenkapelle beschlossen. Werner Rache und Friedrich Sandmann übernahmen die Ausbildung. Es meldeten sich 36 Interessenten zur Teilnahme am Musikunterricht, im Laufe der Zeit reduzierte sich diese Zahl &hellip; <a href="http://www.noepker-vereine.de/SchuetzenvereinHomepage/schuetzenkapelle/">Weiterlesen <span class="meta-nav">&rarr;</span></a></p>
