{"id":46,"date":"2025-01-05T14:09:59","date_gmt":"2025-01-05T13:09:59","guid":{"rendered":"http:\/\/www.noepker-vereine.de\/SchuetzenvereinHomepage\/?page_id=46"},"modified":"2026-03-21T09:14:29","modified_gmt":"2026-03-21T08:14:29","slug":"vorstand","status":"publish","type":"page","link":"http:\/\/www.noepker-vereine.de\/SchuetzenvereinHomepage\/vorstand\/","title":{"rendered":"Vorstand"},"content":{"rendered":"\n<div class=\"wp-block-group is-nowrap is-layout-flex wp-container-core-group-is-layout-ad2f72ca wp-block-group-is-layout-flex\">\n<figure class=\"wp-block-image size-full\"><img loading=\"lazy\" decoding=\"async\" width=\"800\" height=\"600\" src=\"http:\/\/www.noepker-vereine.de\/SchuetzenvereinHomepage\/wp-content\/uploads\/2025\/01\/management_000.jpg\" alt=\"\" class=\"wp-image-47\" srcset=\"http:\/\/www.noepker-vereine.de\/SchuetzenvereinHomepage\/wp-content\/uploads\/2025\/01\/management_000.jpg 800w, http:\/\/www.noepker-vereine.de\/SchuetzenvereinHomepage\/wp-content\/uploads\/2025\/01\/management_000-300x225.jpg 300w, http:\/\/www.noepker-vereine.de\/SchuetzenvereinHomepage\/wp-content\/uploads\/2025\/01\/management_000-768x576.jpg 768w\" sizes=\"auto, (max-width: 800px) 100vw, 800px\" \/><\/figure>\n\n\n<ul class=\"simpletoc-list\">\n<li><a href=\"#geschaeftsfuehrender-vorstand\">Gesch\u00e4ftsf\u00fchrender Vorstand<\/a>\n\n\n<\/li>\n\n<\/li>\n\n<li><a href=\"#damenleitung\">Damenleitung<\/a>\n\n\n<\/li>\n\n<li><a href=\"#schriftfuehrerinnen\">Schriftf\u00fchrerinnen<\/a>\n\n\n<\/li>\n\n<li><a href=\"#schiesssportleiter\">Schie\u00dfsportleiter<\/a>\n\n\n<\/li>\n\n<\/li>\n\n<li><a href=\"#schatzmeister\">Schatzmeister<\/a>\n\n\n<\/li>\n\n<\/li>\n\n<li><a href=\"#jugendleitung\">Jugendleitung<\/a>\n\n\n<\/li>\n\n<\/li>\n\n<li><a href=\"#fahnentraeger\">Fahnentr\u00e4ger<\/a>\n\n\n<\/li>\n<\/li>\n<\/ul>\n<\/li><\/ul><\/div>\n\n\n\n<hr class=\"wp-block-separator has-alpha-channel-opacity\"\/>\n\n\n\n<h2 id=\"geschaeftsfuehrender-vorstand\" class=\"wp-block-heading\">Gesch\u00e4ftsf\u00fchrender Vorstand<\/h2>\n\n\n\n<h3 id=\"1-vorsitzender\" class=\"wp-block-heading\">1. Vorsitzender<\/h3>\n\n\n\n<p>Sven Behrmann<\/p>\n\n\n\n<h3 id=\"2-vorsitzender\" class=\"wp-block-heading\">2. Vorsitzender<\/h3>\n\n\n\n<p>Peter Homann<\/p>\n\n\n\n<h3 id=\"3-vorsitzender\" class=\"wp-block-heading\">3. Vorsitzender<\/h3>\n\n\n\n<p>Sven Kallweit<\/p>\n\n\n\n<figure class=\"wp-block-image size-full\"><img loading=\"lazy\" decoding=\"async\" width=\"800\" height=\"644\" src=\"http:\/\/www.noepker-vereine.de\/SchuetzenvereinHomepage\/wp-content\/uploads\/2025\/01\/management_001.jpg\" alt=\"\" class=\"wp-image-48\" srcset=\"http:\/\/www.noepker-vereine.de\/SchuetzenvereinHomepage\/wp-content\/uploads\/2025\/01\/management_001.jpg 800w, http:\/\/www.noepker-vereine.de\/SchuetzenvereinHomepage\/wp-content\/uploads\/2025\/01\/management_001-300x242.jpg 300w, http:\/\/www.noepker-vereine.de\/SchuetzenvereinHomepage\/wp-content\/uploads\/2025\/01\/management_001-768x618.jpg 768w\" sizes=\"auto, (max-width: 800px) 100vw, 800px\" \/><figcaption class=\"wp-element-caption\">(v.l.) Peter Homann, Sven Behrmann, Sven Kallweit<\/figcaption><\/figure>\n\n\n\n<hr class=\"wp-block-separator has-alpha-channel-opacity\"\/>\n\n\n\n<h2 id=\"damenleitung\" class=\"wp-block-heading\">Damenleitung<\/h2>\n\n\n\n<h3 id=\"1-damenleitung\" class=\"wp-block-heading\">1. Damenleitung<\/h3>\n\n\n\n<p>Anika Rabe<\/p>\n\n\n\n<h3 id=\"2-damenleitung\" class=\"wp-block-heading\">2. Damenleitung<\/h3>\n\n\n\n<p>Karina Woldt<\/p>\n\n\n\n<figure class=\"wp-block-image size-full\"><img loading=\"lazy\" decoding=\"async\" width=\"800\" height=\"600\" src=\"http:\/\/www.noepker-vereine.de\/SchuetzenvereinHomepage\/wp-content\/uploads\/2025\/01\/management_002.jpg\" alt=\"\" class=\"wp-image-49\" srcset=\"http:\/\/www.noepker-vereine.de\/SchuetzenvereinHomepage\/wp-content\/uploads\/2025\/01\/management_002.jpg 800w, http:\/\/www.noepker-vereine.de\/SchuetzenvereinHomepage\/wp-content\/uploads\/2025\/01\/management_002-300x225.jpg 300w, http:\/\/www.noepker-vereine.de\/SchuetzenvereinHomepage\/wp-content\/uploads\/2025\/01\/management_002-768x576.jpg 768w\" sizes=\"auto, (max-width: 800px) 100vw, 800px\" \/><figcaption class=\"wp-element-caption\">(v.l.) Anika Rabe, Andrea Wojcik<\/figcaption><\/figure>\n\n\n\n<hr class=\"wp-block-separator has-alpha-channel-opacity\"\/>\n\n\n\n<h2 id=\"schriftfuehrerinnen\" class=\"wp-block-heading\">Schriftf\u00fchrerinnen<\/h2>\n\n\n\n<h3 id=\"1-schriftfuehrerin\" class=\"wp-block-heading\">1. Schriftf\u00fchrerin<\/h3>\n\n\n\n<p>Anja Jaster<\/p>\n\n\n\n<h3 id=\"2-schriftfuehrerin\" class=\"wp-block-heading\">2. Schriftf\u00fchrerin<\/h3>\n\n\n\n<p>Petra Riedel<\/p>\n\n\n\n<p>Daniel Haalboom<\/p>\n\n\n\n<hr class=\"wp-block-separator has-alpha-channel-opacity\"\/>\n\n\n\n<h2 id=\"schiesssportleiter\" class=\"wp-block-heading\">Schie\u00dfsportleiter<\/h2>\n\n\n\n<h3 id=\"1-schiesssportleiter\" class=\"wp-block-heading\">1. Schie\u00dfsportleiter<\/h3>\n\n\n\n<p>Markus Mehwald<\/p>\n\n\n\n<h3 id=\"2-schiesssportleiter\" class=\"wp-block-heading\">2. Schie\u00dfsportleiter<\/h3>\n\n\n\n<p>Marc Roitsch<\/p>\n\n\n\n<h3 id=\"3-schiesssportleiter\" class=\"wp-block-heading\">3. Schie\u00dfsportleiter<\/h3>\n\n\n\n<p>Detlev Sticke<\/p>\n\n\n\n<figure class=\"wp-block-image size-full\"><img loading=\"lazy\" decoding=\"async\" width=\"800\" height=\"600\" src=\"http:\/\/www.noepker-vereine.de\/SchuetzenvereinHomepage\/wp-content\/uploads\/2025\/01\/management_004.jpg\" alt=\"\" class=\"wp-image-51\" srcset=\"http:\/\/www.noepker-vereine.de\/SchuetzenvereinHomepage\/wp-content\/uploads\/2025\/01\/management_004.jpg 800w, http:\/\/www.noepker-vereine.de\/SchuetzenvereinHomepage\/wp-content\/uploads\/2025\/01\/management_004-300x225.jpg 300w, http:\/\/www.noepker-vereine.de\/SchuetzenvereinHomepage\/wp-content\/uploads\/2025\/01\/management_004-768x576.jpg 768w\" sizes=\"auto, (max-width: 800px) 100vw, 800px\" \/><figcaption class=\"wp-element-caption\">(v.l.) Markus Mehwald, Detlev Sticke<\/figcaption><\/figure>\n\n\n\n<hr class=\"wp-block-separator has-alpha-channel-opacity\"\/>\n\n\n\n<h2 id=\"schatzmeister\" class=\"wp-block-heading\">Schatzmeister<\/h2>\n\n\n\n<h3 id=\"schatzmeister-2\" class=\"wp-block-heading\">Schatzmeister<\/h3>\n\n\n\n<p>Michael Laube<\/p>\n\n\n\n<h3 id=\"stellvertretender-schatzmeister\" class=\"wp-block-heading\">Stellvertretender Schatzmeister<\/h3>\n\n\n\n<p>Stephan Meinicke<\/p>\n\n\n\n<h3 id=\"stellvertretender-schatzmeister-2\" class=\"wp-block-heading\">Stellvertretender Schatzmeister<\/h3>\n\n\n\n<p>Lars Hedwig<\/p>\n\n\n\n<figure class=\"wp-block-image size-full\"><img loading=\"lazy\" decoding=\"async\" width=\"800\" height=\"600\" src=\"http:\/\/www.noepker-vereine.de\/SchuetzenvereinHomepage\/wp-content\/uploads\/2025\/01\/management_005.jpg\" alt=\"\" class=\"wp-image-52\" srcset=\"http:\/\/www.noepker-vereine.de\/SchuetzenvereinHomepage\/wp-content\/uploads\/2025\/01\/management_005.jpg 800w, http:\/\/www.noepker-vereine.de\/SchuetzenvereinHomepage\/wp-content\/uploads\/2025\/01\/management_005-300x225.jpg 300w, http:\/\/www.noepker-vereine.de\/SchuetzenvereinHomepage\/wp-content\/uploads\/2025\/01\/management_005-768x576.jpg 768w\" sizes=\"auto, (max-width: 800px) 100vw, 800px\" \/><figcaption class=\"wp-element-caption\">(v.l.) Stephan Meinicke, Michael Laube, Lars Hedwig<\/figcaption><\/figure>\n\n\n\n<hr class=\"wp-block-separator has-alpha-channel-opacity\"\/>\n\n\n\n<h2 id=\"jugendleitung\" class=\"wp-block-heading\">Jugendleitung<\/h2>\n\n\n\n<h3 id=\"1-jugendleiterin\" class=\"wp-block-heading\">1. Jugendleiterin<\/h3>\n\n\n\n<p>Julia Kallweit<\/p>\n\n\n\n<h3 id=\"2-jugendleiterin\" class=\"wp-block-heading\">2. Jugendleiterin<\/h3>\n\n\n\n<p>Meike Umlauf<\/p>\n\n\n\n<h3 id=\"3-jugendleiterin\" class=\"wp-block-heading\">3. Jugendleiterin<\/h3>\n\n\n\n<p>Katja Meinicke<\/p>\n\n\n\n<figure class=\"wp-block-image size-full\"><img loading=\"lazy\" decoding=\"async\" width=\"800\" height=\"600\" src=\"http:\/\/www.noepker-vereine.de\/SchuetzenvereinHomepage\/wp-content\/uploads\/2025\/01\/management_006.jpg\" alt=\"\" class=\"wp-image-53\" srcset=\"http:\/\/www.noepker-vereine.de\/SchuetzenvereinHomepage\/wp-content\/uploads\/2025\/01\/management_006.jpg 800w, http:\/\/www.noepker-vereine.de\/SchuetzenvereinHomepage\/wp-content\/uploads\/2025\/01\/management_006-300x225.jpg 300w, http:\/\/www.noepker-vereine.de\/SchuetzenvereinHomepage\/wp-content\/uploads\/2025\/01\/management_006-768x576.jpg 768w\" sizes=\"auto, (max-width: 800px) 100vw, 800px\" \/><figcaption class=\"wp-element-caption\">(v.l.) Katja Meinicke, Julia Kallweit, Meike Umlauf<\/figcaption><\/figure>\n\n\n\n<hr class=\"wp-block-separator has-alpha-channel-opacity\"\/>\n\n\n\n<h2 id=\"fahnentraeger\" class=\"wp-block-heading\">Fahnentr\u00e4ger<\/h2>\n\n\n\n<h3 id=\"fahnentraeger-2\" class=\"wp-block-heading\">Fahnentr\u00e4ger<\/h3>\n\n\n\n<p>Daniel Haalboom<\/p>\n\n\n\n<h3 id=\"stellvertretender-fahnentraeger\" class=\"wp-block-heading\">Stellvertretender Fahnentr\u00e4ger<\/h3>\n\n\n\n<p>Unbesetzt<\/p>\n\n\n\n<figure class=\"wp-block-image size-full\"><img loading=\"lazy\" decoding=\"async\" width=\"800\" height=\"600\" src=\"http:\/\/www.noepker-vereine.de\/SchuetzenvereinHomepage\/wp-content\/uploads\/2025\/01\/management_007.jpg\" alt=\"\" class=\"wp-image-54\" srcset=\"http:\/\/www.noepker-vereine.de\/SchuetzenvereinHomepage\/wp-content\/uploads\/2025\/01\/management_007.jpg 800w, http:\/\/www.noepker-vereine.de\/SchuetzenvereinHomepage\/wp-content\/uploads\/2025\/01\/management_007-300x225.jpg 300w, http:\/\/www.noepker-vereine.de\/SchuetzenvereinHomepage\/wp-content\/uploads\/2025\/01\/management_007-768x576.jpg 768w\" sizes=\"auto, (max-width: 800px) 100vw, 800px\" \/><figcaption class=\"wp-element-caption\">Daniel Haalboom<\/figcaption><\/figure>\n\n\n\n<p><\/p>\n","protected":false},"excerpt":{"rendered":"<p>Gesch\u00e4ftsf\u00fchrender Vorstand 1. Vorsitzender Sven Behrmann 2. Vorsitzender Peter Homann 3. Vorsitzender Sven Kallweit Damenleitung 1. Damenleitung Anika Rabe 2. Damenleitung Karina Woldt Schriftf\u00fchrerinnen 1. Schriftf\u00fchrerin Anja Jaster 2. Schriftf\u00fchrerin Petra Riedel Daniel Haalboom Schie\u00dfsportleiter 1. Schie\u00dfsportleiter Markus Mehwald 2. &hellip; <a href=\"http:\/\/www.noepker-vereine.de\/SchuetzenvereinHomepage\/vorstand\/\">Weiterlesen <span class=\"meta-nav\">&rarr;<\/span><\/a><\/p>\n","protected":false},"author":1,"featured_media":0,"parent":0,"menu_order":10,"comment_status":"closed","ping_status":"closed","template":"","meta":{"footnotes":""},"class_list":["post-46","page","type-page","status-publish","hentry"],"_links":{"self":[{"href":"http:\/\/www.noepker-vereine.de\/SchuetzenvereinHomepage\/wp-json\/wp\/v2\/pages\/46","targetHints":{"allow":["GET"]}}],"collection":[{"href":"http:\/\/www.noepker-vereine.de\/SchuetzenvereinHomepage\/wp-json\/wp\/v2\/pages"}],"about":[{"href":"http:\/\/www.noepker-vereine.de\/SchuetzenvereinHomepage\/wp-json\/wp\/v2\/types\/page"}],"author":[{"embeddable":true,"href":"http:\/\/www.noepker-vereine.de\/SchuetzenvereinHomepage\/wp-json\/wp\/v2\/users\/1"}],"replies":[{"embeddable":true,"href":"http:\/\/www.noepker-vereine.de\/SchuetzenvereinHomepage\/wp-json\/wp\/v2\/comments?post=46"}],"version-history":[{"count":3,"href":"http:\/\/www.noepker-vereine.de\/SchuetzenvereinHomepage\/wp-json\/wp\/v2\/pages\/46\/revisions"}],"predecessor-version":[{"id":61,"href":"http:\/\/www.noepker-vereine.de\/SchuetzenvereinHomepage\/wp-json\/wp\/v2\/pages\/46\/revisions\/61"}],"wp:attachment":[{"href":"http:\/\/www.noepker-vereine.de\/SchuetzenvereinHomepage\/wp-json\/wp\/v2\/media?parent=46"}],"curies":[{"name":"wp","href":"https:\/\/api.w.org\/{rel}","templated":true}]}}

<div class="wp-block-group is-nowrap is-layout-flex wp-container-core-group-is-layout-ad2f72ca wp-block-group-is-layout-flex">
<figure class="wp-block-image size-full"><img loading="lazy" decoding="async" width="800" height="600" src="http://www.noepker-vereine.de/SchuetzenvereinHomepage/wp-content/uploads/2025/01/management_000.jpg" alt="" class="wp-image-47" srcset="http://www.noepker-vereine.de/SchuetzenvereinHomepage/wp-content/uploads/2025/01/management_000.jpg 800w, http://www.noepker-vereine.de/SchuetzenvereinHomepage/wp-content/uploads/2025/01/management_000-300x225.jpg 300w, http://www.noepker-vereine.de/SchuetzenvereinHomepage/wp-content/uploads/2025/01/management_000-768x576.jpg 768w" sizes="auto, (max-width: 800px) 100vw, 800px" /></figure>


<ul class="simpletoc-list">
<li><a href="#geschaeftsfuehrender-vorstand">Geschäftsführender Vorstand</a>


</li>

</li>

<li><a href="#damenleitung">Damenleitung</a>


</li>

<li><a href="#schriftfuehrerinnen">Schriftführerinnen</a>


</li>

<li><a href="#schiesssportleiter">Schießsportleiter</a>


</li>

</li>

<li><a href="#schatzmeister">Schatzmeister</a>


</li>

</li>

<li><a href="#jugendleitung">Jugendleitung</a>


</li>

</li>

<li><a href="#fahnentraeger">Fahnenträger</a>


</li>
</li>
</ul>
</li></ul></div>



<hr class="wp-block-separator has-alpha-channel-opacity"/>



<h2 id="geschaeftsfuehrender-vorstand" class="wp-block-heading">Geschäftsführender Vorstand</h2>



<h3 id="1-vorsitzender" class="wp-block-heading">1. Vorsitzender</h3>



<p>Sven Behrmann</p>



<h3 id="2-vorsitzender" class="wp-block-heading">2. Vorsitzender</h3>



<p>Peter Homann</p>



<h3 id="3-vorsitzender" class="wp-block-heading">3. Vorsitzender</h3>



<p>Sven Kallweit</p>



<figure class="wp-block-image size-full"><img loading="lazy" decoding="async" width="800" height="644" src="http://www.noepker-vereine.de/SchuetzenvereinHomepage/wp-content/uploads/2025/01/management_001.jpg" alt="" class="wp-image-48" srcset="http://www.noepker-vereine.de/SchuetzenvereinHomepage/wp-content/uploads/2025/01/management_001.jpg 800w, http://www.noepker-vereine.de/SchuetzenvereinHomepage/wp-content/uploads/2025/01/management_001-300x242.jpg 300w, http://www.noepker-vereine.de/SchuetzenvereinHomepage/wp-content/uploads/2025/01/management_001-768x618.jpg 768w" sizes="auto, (max-width: 800px) 100vw, 800px" /><figcaption class="wp-element-caption">(v.l.) Peter Homann, Sven Behrmann, Sven Kallweit</figcaption></figure>



<hr class="wp-block-separator has-alpha-channel-opacity"/>



<h2 id="damenleitung" class="wp-block-heading">Damenleitung</h2>



<h3 id="1-damenleitung" class="wp-block-heading">1. Damenleitung</h3>



<p>Anika Rabe</p>



<h3 id="2-damenleitung" class="wp-block-heading">2. Damenleitung</h3>



<p>Karina Woldt</p>



<figure class="wp-block-image size-full"><img loading="lazy" decoding="async" width="800" height="600" src="http://www.noepker-vereine.de/SchuetzenvereinHomepage/wp-content/uploads/2025/01/management_002.jpg" alt="" class="wp-image-49" srcset="http://www.noepker-vereine.de/SchuetzenvereinHomepage/wp-content/uploads/2025/01/management_002.jpg 800w, http://www.noepker-vereine.de/SchuetzenvereinHomepage/wp-content/uploads/2025/01/management_002-300x225.jpg 300w, http://www.noepker-vereine.de/SchuetzenvereinHomepage/wp-content/uploads/2025/01/management_002-768x576.jpg 768w" sizes="auto, (max-width: 800px) 100vw, 800px" /><figcaption class="wp-element-caption">(v.l.) Anika Rabe, Andrea Wojcik</figcaption></figure>



<hr class="wp-block-separator has-alpha-channel-opacity"/>



<h2 id="schriftfuehrerinnen" class="wp-block-heading">Schriftführerinnen</h2>



<h3 id="1-schriftfuehrerin" class="wp-block-heading">1. Schriftführerin</h3>



<p>Anja Jaster</p>



<h3 id="2-schriftfuehrerin" class="wp-block-heading">2. Schriftführerin</h3>



<p>Petra Riedel</p>



<p>Daniel Haalboom</p>



<hr class="wp-block-separator has-alpha-channel-opacity"/>



<h2 id="schiesssportleiter" class="wp-block-heading">Schießsportleiter</h2>



<h3 id="1-schiesssportleiter" class="wp-block-heading">1. Schießsportleiter</h3>



<p>Markus Mehwald</p>



<h3 id="2-schiesssportleiter" class="wp-block-heading">2. Schießsportleiter</h3>



<p>Marc Roitsch</p>



<h3 id="3-schiesssportleiter" class="wp-block-heading">3. Schießsportleiter</h3>



<p>Detlev Sticke</p>



<figure class="wp-block-image size-full"><img loading="lazy" decoding="async" width="800" height="600" src="http://www.noepker-vereine.de/SchuetzenvereinHomepage/wp-content/uploads/2025/01/management_004.jpg" alt="" class="wp-image-51" srcset="http://www.noepker-vereine.de/SchuetzenvereinHomepage/wp-content/uploads/2025/01/management_004.jpg 800w, http://www.noepker-vereine.de/SchuetzenvereinHomepage/wp-content/uploads/2025/01/management_004-300x225.jpg 300w, http://www.noepker-vereine.de/SchuetzenvereinHomepage/wp-content/uploads/2025/01/management_004-768x576.jpg 768w" sizes="auto, (max-width: 800px) 100vw, 800px" /><figcaption class="wp-element-caption">(v.l.) Markus Mehwald, Detlev Sticke</figcaption></figure>



<hr class="wp-block-separator has-alpha-channel-opacity"/>



<h2 id="schatzmeister" class="wp-block-heading">Schatzmeister</h2>



<h3 id="schatzmeister-2" class="wp-block-heading">Schatzmeister</h3>



<p>Michael Laube</p>



<h3 id="stellvertretender-schatzmeister" class="wp-block-heading">Stellvertretender Schatzmeister</h3>



<p>Stephan Meinicke</p>



<h3 id="stellvertretender-schatzmeister-2" class="wp-block-heading">Stellvertretender Schatzmeister</h3>



<p>Lars Hedwig</p>



<figure class="wp-block-image size-full"><img loading="lazy" decoding="async" width="800" height="600" src="http://www.noepker-vereine.de/SchuetzenvereinHomepage/wp-content/uploads/2025/01/management_005.jpg" alt="" class="wp-image-52" srcset="http://www.noepker-vereine.de/SchuetzenvereinHomepage/wp-content/uploads/2025/01/management_005.jpg 800w, http://www.noepker-vereine.de/SchuetzenvereinHomepage/wp-content/uploads/2025/01/management_005-300x225.jpg 300w, http://www.noepker-vereine.de/SchuetzenvereinHomepage/wp-content/uploads/2025/01/management_005-768x576.jpg 768w" sizes="auto, (max-width: 800px) 100vw, 800px" /><figcaption class="wp-element-caption">(v.l.) Stephan Meinicke, Michael Laube, Lars Hedwig</figcaption></figure>



<hr class="wp-block-separator has-alpha-channel-opacity"/>



<h2 id="jugendleitung" class="wp-block-heading">Jugendleitung</h2>



<h3 id="1-jugendleiterin" class="wp-block-heading">1. Jugendleiterin</h3>



<p>Julia Kallweit</p>



<h3 id="2-jugendleiterin" class="wp-block-heading">2. Jugendleiterin</h3>



<p>Meike Umlauf</p>



<h3 id="3-jugendleiterin" class="wp-block-heading">3. Jugendleiterin</h3>



<p>Katja Meinicke</p>



<figure class="wp-block-image size-full"><img loading="lazy" decoding="async" width="800" height="600" src="http://www.noepker-vereine.de/SchuetzenvereinHomepage/wp-content/uploads/2025/01/management_006.jpg" alt="" class="wp-image-53" srcset="http://www.noepker-vereine.de/SchuetzenvereinHomepage/wp-content/uploads/2025/01/management_006.jpg 800w, http://www.noepker-vereine.de/SchuetzenvereinHomepage/wp-content/uploads/2025/01/management_006-300x225.jpg 300w, http://www.noepker-vereine.de/SchuetzenvereinHomepage/wp-content/uploads/2025/01/management_006-768x576.jpg 768w" sizes="auto, (max-width: 800px) 100vw, 800px" /><figcaption class="wp-element-caption">(v.l.) Katja Meinicke, Julia Kallweit, Meike Umlauf</figcaption></figure>



<hr class="wp-block-separator has-alpha-channel-opacity"/>



<h2 id="fahnentraeger" class="wp-block-heading">Fahnenträger</h2>



<h3 id="fahnentraeger-2" class="wp-block-heading">Fahnenträger</h3>



<p>Daniel Haalboom</p>



<h3 id="stellvertretender-fahnentraeger" class="wp-block-heading">Stellvertretender Fahnenträger</h3>



<p>Unbesetzt</p>



<figure class="wp-block-image size-full"><img loading="lazy" decoding="async" width="800" height="600" src="http://www.noepker-vereine.de/SchuetzenvereinHomepage/wp-content/uploads/2025/01/management_007.jpg" alt="" class="wp-image-54" srcset="http://www.noepker-vereine.de/SchuetzenvereinHomepage/wp-content/uploads/2025/01/management_007.jpg 800w, http://www.noepker-vereine.de/SchuetzenvereinHomepage/wp-content/uploads/2025/01/management_007-300x225.jpg 300w, http://www.noepker-vereine.de/SchuetzenvereinHomepage/wp-content/uploads/2025/01/management_007-768x576.jpg 768w" sizes="auto, (max-width: 800px) 100vw, 800px" /><figcaption class="wp-element-caption">Daniel Haalboom</figcaption></figure>



<p></p>

<p>Geschäftsführender Vorstand 1. Vorsitzender Sven Behrmann 2. Vorsitzender Peter Homann 3. Vorsitzender Sven Kallweit Damenleitung 1. Damenleitung Anika Rabe 2. Damenleitung Karina Woldt Schriftführerinnen 1. Schriftführerin Anja Jaster 2. Schriftführerin Petra Riedel Daniel Haalboom Schießsportleiter 1. Schießsportleiter Markus Mehwald 2. &hellip; <a href="http://www.noepker-vereine.de/SchuetzenvereinHomepage/vorstand/">Weiterlesen <span class="meta-nav">&rarr;</span></a></p>
